en 3167 is divided by 75.
17
Calculate the remainder when 198 is divided by 17.
11
Calculate the remainder when 100 is divided by 52.
48
What is the remainder when 2465 is divided by 1231?
3
Calculate the remainder when 354 is divided by 40.
34
What is the remainder when 296 is divided by 49?
2
Calculate the remainder when 1329 is divided by 74.
71
Calculate the remainder when 265 is divided by 136.
129
What is the remainder when 2889 is divided by 286?
29
What is the remainder when 535 is divided by 54?
49
Calculate the remainder when 647 is divided by 54.
53
Calculate the remainder when 1035 is divided by 80.
75
What is the remainder when 24 is divided by 20?
4
Calculate the remainder when 370 is divided by 63.
55
What is the remainder when 698 is divided by 19?
14
What is the remainder when 177 is divided by 6?
3
What is the remainder when 232 is divided by 49?
36
Calculate the remainder when 6209 is divided by 115.
114
Calculate the remainder when 257 is divided by 90.
77
What is the remainder when 6342 is divided by 135?
132
Calculate the remainder when 26770 is divided by 138.
136
Calculate the remainder when 48 is divided by 6.
0
Calculate the remainder when 163 is divided by 20.
3
Calculate the remainder when 516 is divided by 501.
15
Calculate the remainder when 466 is divided by 79.
71
What is the remainder when 1442 is divided by 178?
18
What is the remainder when 589 is divided by 59?
58
Calculate the remainder when 120 is divided by 64.
56
Calculate the remainder when 59 is divided by 6.
5
What is the remainder when 6628 is divided by 21?
13
Calculate the remainder when 504 is divided by 147.
63
What is the remainder when 829 is divided by 53?
34
What is the remainder when 2766 is divided by 59?
52
What is the remainder when 2184 is divided by 40?
24
What is the remainder when 726 is divided by 171?
42
What is the remainder when 59 is divided by 24?
11
What is the remainder when 291 is divided by 9?
3
Calculate the remainder when 958 is divided by 32.
30
What is the remainder when 464 is divided by 101?
60
Calculate the remainder when 7773 is divided by 8.
5
Calculate the remainder when 1481 is divided by 55.
51
Calculate the remainder when 166 is divided by 73.
20
Calculate the remainder when 31 is divided by 24.
7
What is the remainder when 826 is divided by 18?
16
Calculate the remainder when 7634 is divided by 7624.
10
What is the remainder when 142 is divided by 20?
2
Calculate the remainder when 23 is divided by 5.
3
What is the remainder when 583 is divided by 508?
75
What is the remainder when 1227 is divided by 6?
3
What is the remainder when 171 is divided by 45?
36
What is the remainder when 1563 is divided by 98?
93
What is the remainder when 473 is divided by 53?
49
What is the remainder when 241 is divided by 33?
10
What is the remainder when 3821 is divided by 39?
38
Calculate the remainder when 116 is divided by 45.
26
What is the remainder when 13 is divided by 4?
1
What is the remainder when 242 is divided by 61?
59
Calculate the remainder when 4616 is divided by 35.
31
What is the remainder when 30 is divided by 2?
0
What is the remainder when 766 is divided by 77?
73
What is the remainder when 20982 is divided by 22?
16
Calculate the remainder when 435 is divided by 19.
17
Calculate the remainder when 2376 is divided by 338.
10
Calculate the remainder when 9 is divided by 5.
4
What is the remainder when 811 is divided by 58?
57
Calculate the remainder when 158 is divided by 20.
18
What is the remainder when 158 is divided by 34?
22
Calculate the remainder when 270 is divided by 21.
18
What is the remainder when 1411 is divided by 39?
7
What is the remainder when 388 is divided by 23?
20
Calculate the remainder when 6332 is divided by 113.
4
What is the remainder when 721 is divided by 149?
125
What is the remainder when 25 is divided by 23?
2
What is the remainder when 9503 is divided by 33?
32
Calculate the remainder when 836 is divided by 262.
50
Calculate the remainder when 117 is divided by 30.
27
Calculate the remainder when 1179 is divided by 149.
136
Calculate the remainder when 43 is divided by 21.
1
What is the remainder when 657 is divided by 15?
12
What is the remainder when 547 is divided by 70?
57
What is the remainder when 128 is divided by 35?
23
Calculate the remainder when 2112 is divided by 7.
5
Calculate the remainder when 880 is divided by 63.
61
What is the remainder when 618 is divided by 158?
144
Calculate the remainder when 18 is divided by 13.
5
What is the remainder when 94 is divided by 48?
46
Calculate the remainder when 33 is divided by 16.
1
Calculate the remainder when 188 is divided by 59.
11
What is the remainder when 282 is divided by 212?
70
Calculate the remainder when 420 is divided by 58.
14
Calculate the remainder when 128 is divided by 15.
8
What is the remainder when 6678 is divided by 41?
36
Calculate the remainder when 4499 is divided by 12.
11
What is the remainder when 4983 is divided by 1647?
42
What is the remainder when 297 is divided by 61?
53
What is the remainder when 142 is divided by 51?
40
Calculate the remainder when 271 is divided by 48.
31
Calculate the remainder when 703 is divided by 70.
3
What is the remainder when 1424 is divided by 57?
56
What is the remainder when 410 is divided by 219?
191
Calculate the remainder when 1384 is divided by 99.
97
Calculate the remainder when 569 is divided by 38.
37
Calculate the remainder when 156 is divided by 16.
12
What is the remainder when 51 is divided by 13?
12
What is the remainder when 363 is divided by 363?
0
What is the remainder when 127 is divided by 27?
19
Calculate the remainder when 839 is divided by 54.
29
Calculate the remainder when 15173 is divided by 27.
26
Calculate the remainder when 154 is divided by 15.
4
Calculate the remainder when 944 is divided by 307.
23
Calculate the remainder when 4189 is divided by 16.
13
What is the remainder when 1699 is divided by 143?
126
Calculate the remainder when 31 is divided by 21.
10
What is the remainder when 29 is divided by 25?
4
What is the remainder when 30 is divided by 6?
0
Calculate the remainder when 1170 is divided by 519.
132
Calculate the remainder when 75 is divided by 28.
19
What is the remainder when 327 is divided by 30?
27
Calculate the remainder when 1669 is divided by 31.
26
Calculate the remainder when 404 is divided by 24.
20
Calculate the remainder when 730 is divided by 12.
10
What is the remainder when 347 is divided by 251?
96
Calculate the remainder when 113 is divided by 17.
11
What is the remainder when 232 is divided by 48?
40
What is the remainder when 49 is divided by 20?
9
What is the remainder when 163 is divided by 33?
31
What is the remainder when 50 is divided by 4?
2
Calculate the remainder when 120 is divided by 36.
12
Calculate the remainder when 139 is divided by 25.
14
Calculate the remainder when 335 is divided by 11.
5
Calculate the remainder when 478 is divided by 35.
23
Calculate the remainder when 945 is divided by 934.
11
What is the remainder when 155 is divided by 111?
44
Calculate the remainder when 230 is divided by 28.
6
What is the remainder when 2814 is divided by 16?
14
Calculate the remainder when 4136 is divided by 219.
194
Calculate the remainder when 463 is divided by 457.
6
What is the remainder when 8636 is divided by 96?
92
Calculate the remainder when 18 is divided by 5.
3
What is the remainder when 2174 is divided by 34?
32
What is the remainder when 618 is divided by 24?
18
Calculate the remainder when 4188 is divided by 105.
93
Calculate the remainder when 453 is divided by 76.
73
What is the remainder when 29 is divided by 8?
5
Calculate the remainder when 264 is divided by 68.
60
What is the remainder when 130 is divided by 37?
19
What is the remainder when 1482 is divided by 523?
436
Calculate the remainder when 292 is divided by 14.
12
What is the remainder when 334 is divided by 326?
8
Calculate the remainder when 9267 is divided by 90.
87
Calculate the remainder when 1658 is divided by 185.
178
What is the remainder when 813 is divided by 3?
0
What is the remainder when 311 is divided by 42?
17
What is the remainder when 62 is divided by 33?
29
What is the remainder when 203 is div